 (base 14) to base 3
100
What is 1d0 (base 14) in base 10?
378
What is -11 (base 3) in base 6?
-4
What is -2001 (base 3) in base 4?
-313
What is -5 (base 8) in base 6?
-5
22 (base 8) to base 12
16
-24 (base 12) to base 5
-103
Convert -15 (base 6) to base 3.
-102
-4 (base 9) to base 4
-10
What is 1 (base 16) in base 8?
1
Convert 122 (base 5) to base 16.
25
-1000 (base 3) to base 14
-1d
What is -1 (base 15) in base 13?
-1
What is 50 (base 14) in base 9?
77
Convert -17 (base 8) to base 4.
-33
Convert -2 (base 14) to base 9.
-2
Convert -455 (base 6) to base 14.
-cb
What is -3 (base 13) in base 15?
-3
What is 101 (base 6) in base 14?
29
What is -12 (base 7) in base 2?
-1001
28 (base 11) to base 10
30
-30 (base 6) to base 13
-15
68 (base 12) to base 15
55
What is -5 (base 6) in base 13?
-5
a (base 13) to base 4
22
What is -44 (base 15) in base 9?
-71
Convert 2 (base 16) to base 7.
2
Convert 21 (base 10) to base 12.
19
What is 15 (base 7) in base 14?
c
-4 (base 8) to base 11
-4
Convert 1 (base 14) to base 2.
1
-310 (base 6) to base 10
-114
-1b (base 13) to base 15
-19
What is 2021 (base 3) in base 11?
56
What is -21 (base 3) in base 13?
-7
What is -9 (base 13) in base 3?
-100
Convert -25 (base 8) to base 3.
-210
What is 2 (base 7) in base 3?
2
What is -322 (base 4) in base 3?
-2011
Convert -342 (base 7) to base 14.
-c9
22 (base 11) to base 5
44
0 (base 5) to base 6
0
-121 (base 5) to base 3
-1100
What is -10 (base 3) in base 7?
-3
What is -3 (base 5) in base 16?
-3
What is -24 (base 11) in base 5?
-101
Convert -21 (base 3) to base 13.
-7
-1 (base 8) to base 11
-1
-445 (base 6) to base 3
-20102
What is a (base 15) in base 3?
101
Convert -5 (base 16) to base 14.
-5
5 (base 15) to base 2
101
What is 20 (base 6) in base 9?
13
What is 6 (base 16) in base 14?
6
Convert 4 (base 15) to base 2.
100
What is -21200 (base 3) in base 10?
-207
-44 (base 5) to base 2
-11000
Convert -21 (base 7) to base 10.
-15
Convert -12 (base 8) to base 6.
-14
What is 10 (base 4) in base 7?
4
What is -11 (base 3) in base 13?
-4
-7 (base 13) to base 7
-10
-121 (base 7) to base 4
-1000
What is 3 (base 7) in base 5?
3
-28 (base 15) to base 10
-38
What is 1020 (base 3) in base 7?
45
1b (base 15) to base 6
42
Convert 0 (base 2) to base 15.
0
-83 (base 10) to base 12
-6b
Convert -4 (base 15) to base 8.
-4
-12101 (base 4) to base 12
-295
Convert 100 (base 2) to base 16.
4
What is -4 (base 16) in base 15?
-4
Convert -5 (base 15) to base 4.
-11
Convert -4 (base 8) to base 16.
-4
Convert 203 (base 8) to base 16.
83
Convert -22 (base 4) to base 13.
-a
Convert 6a (base 14) to base 10.
94
What is -103 (base 4) in base 15?
-14
Convert -5 (base 9) to base 6.
-5
What is 365 (base 7) in base 14?
dc
Convert 10 (base 2) to base 6.
2
What is -cb (base 15) in base 11?
-164
What is 1 (base 10) in base 3?
1
What is -26 (base 8) in base 2?
-10110
-20 (base 12) to base 3
-220
What is -f (base 16) in base 7?
-21
Convert -5 (base 8) to base 2.
-101
What is -94 (base 13) in base 6?
-321
What is 194 (base 11) in base 9?
268
1 (base 6) to base 16
1
Convert -100 (base 5) to base 8.
-31
What is -349 (base 10) in base 16?
-15d
1001000 (base 2) to base 7
132
-120 (base 7) to base 4
-333
What is -2 (base 12) in base 7?
-2
Convert 2 (base 9) to base 14.
2
What is -6 (base 13) in base 2?
-110
-28 (base 9) to base 14
-1c
Convert -2 (base 14) to base 11.
-2
-230 (base 4) to base 3
-1122
-14 (base 5) to base 9
-10
What is -4 (base 16) in base 8?
-4
Convert 3 (base 5) to base 13.
3
What is 23 (base 8) in base 4?
103
Convert 4 (base 11) to base 3.
11
Convert -150 (base 8) to base 7.
-206
-17 (base 8) to base 3
-120
10 (base 6) to base 14
6
Convert 2 (base 4) to base 11.
2
Convert -223 (base 6) to base 8.
-127
22 (base 11) to base 9
26
94 (base 15) to base 10
139
What is 36 (base 13) in base 3?
1200
-1 (base 14) to base 10
-1
Convert 25 (base 7) to base 12.
17
Convert -10010 (base 2) to base 15.
-13
1104 (base 5) to base 12
10a
-122 (base 5) to base 15
-27
What is 42 (base 11) in base 6?
114
-322 (base 6) to base 13
-95
Convert -61 (base 12) to base 15.
-4d
-98 (base 10) to base 4
-1202
-10111 (base 2) to base 15
-18
What is -1 (base 14) in base 15?
-1
-1c (base 16) to base 10
-28
What is 10 (base 6) in base 16?
6
Convert 10 (base 4) to base 2.
100
Convert -1 (base 10) to base 14.
-1
Convert 8 (base 12) to base 15.
8
Convert c (base 13) to base 4.
30
-1000 (base 2) to base 15
-8
What is 3a (base 14) in base 8?
64
13 (base 10) to base 16
d
What is 12 (base 3) in base 10?
5
Convert 2 (base 4) to base 9.
2
Convert 164 (base 11) to base 16.
bf
What is -1 (base 12) in base 6?
-1
-1 (base 5) to base 3
-1
What is 3 (base 9) in base 5?
3
Convert -1c (base 15) to base 10.
-27
What is 1000000 (base 2) in base 9?
71
What is 2 (base 7) in base 12?
2
What is -1 (base 7) in base 14?
-1
Convert 322 (base 4) to base 2.
111010
Convert 21020 (base 3) to base 10.
195
-13 (base 10) to base 8
-15
Convert 200 (base 3) to base 6.
30
Convert -23 (base 10) to base 4.
-113
Convert 0 (base 15) to base 5.
0
What is 3 (base 4) in base 14?
3
Convert 5 (base 7) to base 12.
5
10 (base 14) to base 9
15
Convert -12 (base 5) to base 7.
-10
What is 26 (base 7) in base 5?
40
-1102 (base 6) to base 9
-312
Convert 2 (base 15) to base 5.
2
What is 2 (base 13) in base 8?
2
2 (base 4) to base 14
2
What is 110 (base 3) in base 10?
12
3 (base 10) to base 4
3
Convert 1 (base 15) to base 4.
1
3102 (base 4) to base 13
132
What is -13 (base 10) in base 12?
-11
What is 1 (base 9) in base 7?
1
Convert -5 (base 11) to base 12.
-5
-1011 (base 2) to base 14
-b
119 (base 12) to base 11
140
What is -7 (base 8) in base 7?
-10
What is -20 (base 4) in base 15?
-8
Convert -17 (base 16) to base 5.
-43
What is 10 (base 4) in base 3?
11
Convert 155 (base 13) to base 15.
10e
Convert -68 (base 13) to base 8.
-126
-13 (base 9) to base 4
-30
What is -124 (base 5) in base 4?
-213
What is -55 (base 10) in base 4?
-313
What is -120 (base 3) in base 10?
-15
3 (base 7) to base 16
3
Convert 103 (base 5) to base 4.
130
Convert 0 (base 15) to base 7.
0
-233 (base 6) to base 4
-1131
-4 (base 5) to base 7
-4
What is 4 (base 9) in base 14?
4
Convert 4 (base 14) to base 7.
4
What is a (base 12) in base 7?
13
1 (base 12) to base 7
1
Convert 63 (base 15) to base 10.
93
10 (base 3) to base 7
3
Convert 1221 (base 5) to base 6.
510
Convert -10123 (base 4) to base 3.
-101111
Convert -3 (base 4) to base 14.
-3
What is -100101 (base 2) in base 4?
-211
What is 10 (base 4) in base 9?
4
What is -30 (base 13) in base 11?
-36
-20 (base 9) to base 5
-33
Convert -5 (base 8) to base 14.
-5
1 (base 11) to base 5
1
-113 (base 7) to base 13
-47
-7 (base 10) to base 7
-10
4 (base 14) to base 11
4
What is -1 (base 16) in base 12?
-1
What is 2 (base 3) in base 2?
10
Convert -1a (base 16) to base 8.
-32
Convert -2 (base 12) to base 3.
-2
Convert -3 (base 12) to base 7.
-3
What is -9 (base 10) in base 5?
-14
Convert 2 (base 11) to base 14.
2
-4 (base 7) to base 13
-4
What is 6 (base 13) in base 3?
20
What is -1 (base 11) in base 2?
-1
Convert 200 (base 3) to base 9.
20
-2 (base 15) to base 8
-2
333 (base 4) to base 12
53
What is -2 (base 16) in base 3?
-2
-1 (base 6) to base 16
-1
What is -3a (base 15) in base 11?
-50
Convert -1 (base 6) to base 16.
-1
-6 (base 16) to base 6
-10
What is -1 (base 11) in base 6?
-1
What is -3b (base 14) in base 3?
-1222
What is -147 (base 13) in base 10?
-228
What is -2222 (base 3) in base 12?
-68
Convert -2 (base 5) to base 7.
-2
What is 28 (base 9) in base 14?
1c
Convert 2 (base 8) to base 16.
2
Convert -4 (base 10) to base 11.
-4
Convert -102 (base 14) to base 15.
-d3
What is 5 (base 9) in base 13?
5
What is 13 (base 10) in base 5?
23
What is 27 (base 10) in base 9?
30
Convert 17 (base 13) to base 8.
24
10 (base 5) to base 9
5
143 (base 6) to base 14
47
Convert -39 (base 10) to base 14.
-2b
What is 152 (base 7) in base 11?
79
-143 (base 6) to base 5
-223
-5 (base 16) to base 7
-5
1 (base 9) to base 14
1
-5 (base 12) to base 14
-5
Convert 57 (base 9) to base 3.
1221
Convert 0 (base 15) to base 13.
0
Convert 294 (base 10) to base 11.
248
Convert -11 (base 2) to base 12.
-3
What is -6 (base 16) in base 15?
-6
83 (base 11) to base 5
331
What is 1 (base 11) in base 12?
1
3 (base 8) to ba